{"id":266,"date":"2023-06-26T10:51:23","date_gmt":"2023-06-26T10:51:23","guid":{"rendered":"https:\/\/sempas.si\/wpsempas\/?page_id=266"},"modified":"2024-11-28T00:15:00","modified_gmt":"2024-11-28T00:15:00","slug":"zveza-borcev-sempas","status":"publish","type":"page","link":"https:\/\/sempas.si\/wpsempas\/zveza-borcev-sempas\/","title":{"rendered":"Zveza borcev \u0160empas"},"content":{"rendered":"\n<div class=\"wp-block-query is-layout-flow wp-block-query-is-layout-flow\"><ul class=\"wp-block-post-template is-layout-flow wp-block-post-template-is-layout-flow\"><li class=\"wp-block-post post-964 post type-post status-publish format-standard has-post-thumbnail hentry category-zveza-borcev-sempas\">\n<h2 class=\"has-link-color wp-elements-dfcbf35e947328c76c0247210e918e0a wp-block-post-title has-text-color has-secondary-color\"><a href=\"https:\/\/sempas.si\/wpsempas\/2018\/10\/28\/komemoracija-2018\/\" target=\"_self\" >Komemoracija 2018<\/a><\/h2>\n\n<div class=\"wp-block-post-date\"><time datetime=\"2018-10-28T17:01:07+00:00\">28 oktobra, 2018<\/time><\/div>\n\n\n<div style=\"height:16px\" aria-hidden=\"true\" class=\"wp-block-spacer\"><\/div>\n\n\n<figure class=\"alignwide wp-block-post-featured-image\"><a href=\"https:\/\/sempas.si\/wpsempas\/2018\/10\/28\/komemoracija-2018\/\" target=\"_self\"  ><img decoding=\"async\" width=\"1000\" height=\"667\" src=\"https:\/\/sempas.si\/wpsempas\/wp-content\/uploads\/2023\/06\/020-3.jpg\" class=\"attachment-post-thumbnail size-post-thumbnail wp-post-image\" alt=\"Komemoracija 2018\" style=\"object-fit:cover;\" srcset=\"https:\/\/sempas.si\/wpsempas\/wp-content\/uploads\/2023\/06\/020-3.jpg 1000w, https:\/\/sempas.si\/wpsempas\/wp-content\/uploads\/2023\/06\/020-3-300x200.jpg 300w, https:\/\/sempas.si\/wpsempas\/wp-content\/uploads\/2023\/06\/020-3-768x512.jpg 768w\" sizes=\"(max-width: 1000px) 100vw, 1000px\" \/><\/a><\/figure>\n\n<div class=\"wp-block-post-excerpt\"><p class=\"wp-block-post-excerpt__excerpt\">V petek 25.10. 2018 je Osnovna \u0161ola \u0160empas v sodelovanju z ZB \u0160empas in KS \u0160empas, v rahlo muhastem vremenu, organizirala komemoracijo ob Spomeniku padlim borcem ob Osnovni \u0161oli.\u00a0 Otroci so pod vodstvom mentoric predstavili lep program, predstavil se je tudi \u0161olski pevski zbor in nekaj glasbenikov in glasbenic iz vrst u\u010dencev. Prisoten pa je<\/p><p class=\"wp-block-post-excerpt__more-text\"><a class=\"wp-block-post-excerpt__more-link\" href=\"https:\/\/sempas.si\/wpsempas\/2018\/10\/28\/komemoracija-2018\/\">Ve\u010d<\/a><\/p><\/div>\n<\/li><li class=\"wp-block-post post-959 post type-post status-publish format-standard has-post-thumbnail hentry category-zveza-borcev-sempas\">\n<h2 class=\"has-link-color wp-elements-dfcbf35e947328c76c0247210e918e0a wp-block-post-title has-text-color has-secondary-color\"><a href=\"https:\/\/sempas.si\/wpsempas\/2017\/10\/27\/komemoracija-2017\/\" target=\"_self\" >Komemoracija 2017<\/a><\/h2>\n\n<div class=\"wp-block-post-date\"><time datetime=\"2017-10-27T16:57:40+00:00\">27 oktobra, 2017<\/time><\/div>\n\n\n<div style=\"height:16px\" aria-hidden=\"true\" class=\"wp-block-spacer\"><\/div>\n\n\n<figure class=\"alignwide wp-block-post-featured-image\"><a href=\"https:\/\/sempas.si\/wpsempas\/2017\/10\/27\/komemoracija-2017\/\" target=\"_self\"  ><img decoding=\"async\" width=\"1000\" height=\"750\" src=\"https:\/\/sempas.si\/wpsempas\/wp-content\/uploads\/2023\/06\/001-7.jpg\" class=\"attachment-post-thumbnail size-post-thumbnail wp-post-image\" alt=\"Komemoracija 2017\" style=\"object-fit:cover;\" srcset=\"https:\/\/sempas.si\/wpsempas\/wp-content\/uploads\/2023\/06\/001-7.jpg 1000w, https:\/\/sempas.si\/wpsempas\/wp-content\/uploads\/2023\/06\/001-7-300x225.jpg 300w, https:\/\/sempas.si\/wpsempas\/wp-content\/uploads\/2023\/06\/001-7-768x576.jpg 768w\" sizes=\"(max-width: 1000px) 100vw, 1000px\" \/><\/a><\/figure>\n\n<div class=\"wp-block-post-excerpt\"><p class=\"wp-block-post-excerpt__excerpt\">V lepem son\u010dnem vremenu, so u\u010denci pod vodstvom mentoric osnovne\u00a0 \u0161ole \u0160empas, v petek 27.10. organizirali komemoracijo ob Spomeniku padlim borcem ob Osnovni \u0161oli. Otroci so pod vodstvom mentoric pripravili lep program, predstavil se je tudi \u0161olski pevski zbor in nekaj glasbenikov in glasbenic. Prisoten je bil prapor\u0161\u010dak Zveze borcev \u0160empas, par besed pa je<\/p><p class=\"wp-block-post-excerpt__more-text\"><a class=\"wp-block-post-excerpt__more-link\" href=\"https:\/\/sempas.si\/wpsempas\/2017\/10\/27\/komemoracija-2017\/\">Ve\u010d<\/a><\/p><\/div>\n<\/li><li class=\"wp-block-post post-943 post type-post status-publish format-standard has-post-thumbnail hentry category-zveza-borcev-sempas\">\n<h2 class=\"has-link-color wp-elements-dfcbf35e947328c76c0247210e918e0a wp-block-post-title has-text-color has-secondary-color\"><a href=\"https:\/\/sempas.si\/wpsempas\/2016\/10\/28\/komemoracija-2016\/\" target=\"_self\" >Komemoracija 2016<\/a><\/h2>\n\n<div class=\"wp-block-post-date\"><time datetime=\"2016-10-28T16:54:11+00:00\">28 oktobra, 2016<\/time><\/div>\n\n\n<div style=\"height:16px\" aria-hidden=\"true\" class=\"wp-block-spacer\"><\/div>\n\n\n<figure class=\"alignwide wp-block-post-featured-image\"><a href=\"https:\/\/sempas.si\/wpsempas\/2016\/10\/28\/komemoracija-2016\/\" target=\"_self\"  ><img decoding=\"async\" width=\"1000\" height=\"750\" src=\"https:\/\/sempas.si\/wpsempas\/wp-content\/uploads\/2023\/06\/01-10.jpg\" class=\"attachment-post-thumbnail size-post-thumbnail wp-post-image\" alt=\"Komemoracija 2016\" style=\"object-fit:cover;\" srcset=\"https:\/\/sempas.si\/wpsempas\/wp-content\/uploads\/2023\/06\/01-10.jpg 1000w, https:\/\/sempas.si\/wpsempas\/wp-content\/uploads\/2023\/06\/01-10-300x225.jpg 300w, https:\/\/sempas.si\/wpsempas\/wp-content\/uploads\/2023\/06\/01-10-768x576.jpg 768w\" sizes=\"(max-width: 1000px) 100vw, 1000px\" \/><\/a><\/figure>\n\n<div class=\"wp-block-post-excerpt\"><p class=\"wp-block-post-excerpt__excerpt\">V lepem son\u010dnem vremenu \u00a0je osnovna \u00a0\u0161ola \u0160empas, v petek 28.10. organizirala komemoracijo ob Spomeniku padlim borcem ob Osnovni \u0161oli. Otroci so pod vodstvom mentoric pripravili lep program, predstavil se je tudi \u0161olski pevski zbor in nekaj glasbenikov. Prisoten je bil prapor\u0161\u010dak Zveze borcev \u0160empas, par besed pa je povedala tudi predsednica Zveze borcev \u0160empas.<\/p><p class=\"wp-block-post-excerpt__more-text\"><a class=\"wp-block-post-excerpt__more-link\" href=\"https:\/\/sempas.si\/wpsempas\/2016\/10\/28\/komemoracija-2016\/\">Ve\u010d<\/a><\/p><\/div>\n<\/li><\/ul>\n\n<\/div>\n","protected":false},"excerpt":{"rendered":"","protected":false},"author":1,"featured_media":0,"parent":0,"menu_order":8,"comment_status":"closed","ping_status":"closed","template":"","meta":{"_sl_post_content":"<!-- wp:query {\"queryId\":39,\"query\":{\"perPage\":3,\"pages\":0,\"offset\":0,\"postType\":\"post\",\"order\":\"desc\",\"orderBy\":\"date\",\"author\":\"\",\"search\":\"\",\"exclude\":[],\"sticky\":\"\",\"inherit\":false,\"taxQuery\":{\"category\":[11]}}} -->\n<div class=\"wp-block-query\"><!-- wp:post-template -->\n<!-- wp:post-title {\"isLink\":true,\"style\":{\"elements\":{\"link\":{\"color\":{\"text\":\"var:preset|color|secondary\"}}}},\"textColor\":\"secondary\"} \/-->\n\n<!-- wp:post-date \/-->\n\n<!-- wp:spacer {\"height\":\"16px\"} -->\n<div style=\"height:16px\" aria-hidden=\"true\" class=\"wp-block-spacer\"><\/div>\n<!-- \/wp:spacer -->\n\n<!-- wp:post-featured-image {\"isLink\":true,\"align\":\"wide\"} \/-->\n\n<!-- wp:post-excerpt {\"moreText\":\"Ve\u010d\"} \/-->\n<!-- \/wp:post-template -->\n\n<!-- wp:query-pagination {\"layout\":{\"type\":\"flex\",\"flexWrap\":\"nowrap\",\"justifyContent\":\"space-between\"}} -->\n<!-- wp:query-pagination-previous {\"label\":\"\\u003c Prej\u0161nja\",\"style\":{\"typography\":{\"textTransform\":\"capitalize\"}},\"fontSize\":\"small\"} \/-->\n\n<!-- wp:query-pagination-next {\"label\":\"Naslednja \\u003e\",\"style\":{\"typography\":{\"textTransform\":\"capitalize\"}},\"fontSize\":\"small\"} \/-->\n<!-- \/wp:query-pagination --><\/div>\n<!-- \/wp:query -->","_sl_post_name":"zveza-borcev-sempas","_sl_post_excerpt":"","_sl_post_title":"Zveza borcev \u0160empas","_en_post_content":"","_en_post_name":"","_en_post_excerpt":"","_en_post_title":"","_it_post_content":"","_it_post_name":"","_it_post_excerpt":"","_it_post_title":"","edit_language":"sl","footnotes":""},"class_list":["post-266","page","type-page","status-publish","hentry"],"_links":{"self":[{"href":"https:\/\/sempas.si\/wpsempas\/wp-json\/wp\/v2\/pages\/266","targetHints":{"allow":["GET"]}}],"collection":[{"href":"https:\/\/sempas.si\/wpsempas\/wp-json\/wp\/v2\/pages"}],"about":[{"href":"https:\/\/sempas.si\/wpsempas\/wp-json\/wp\/v2\/types\/page"}],"author":[{"embeddable":true,"href":"https:\/\/sempas.si\/wpsempas\/wp-json\/wp\/v2\/users\/1"}],"replies":[{"embeddable":true,"href":"https:\/\/sempas.si\/wpsempas\/wp-json\/wp\/v2\/comments?post=266"}],"version-history":[{"count":2,"href":"https:\/\/sempas.si\/wpsempas\/wp-json\/wp\/v2\/pages\/266\/revisions"}],"predecessor-version":[{"id":958,"href":"https:\/\/sempas.si\/wpsempas\/wp-json\/wp\/v2\/pages\/266\/revisions\/958"}],"wp:attachment":[{"href":"https:\/\/sempas.si\/wpsempas\/wp-json\/wp\/v2\/media?parent=266"}],"curies":[{"name":"wp","href":"https:\/\/api.w.org\/{rel}","templated":true}]}}

Zveza borcev Šempas

<div class="wp-block-query is-layout-flow wp-block-query-is-layout-flow"><ul class="wp-block-post-template is-layout-flow wp-block-post-template-is-layout-flow"><li class="wp-block-post post-964 post type-post status-publish format-standard has-post-thumbnail hentry category-zveza-borcev-sempas">
<h2 class="has-link-color wp-elements-dfcbf35e947328c76c0247210e918e0a wp-block-post-title has-text-color has-secondary-color"><a href="https://sempas.si/wpsempas/2018/10/28/komemoracija-2018/" target="_self" >Komemoracija 2018</a></h2>

<div class="wp-block-post-date"><time datetime="2018-10-28T17:01:07+00:00">28 oktobra, 2018</time></div>


<div style="height:16px" aria-hidden="true" class="wp-block-spacer"></div>


<figure class="alignwide wp-block-post-featured-image"><a href="https://sempas.si/wpsempas/2018/10/28/komemoracija-2018/" target="_self"  ><img decoding="async" width="1000" height="667" src="https://sempas.si/wpsempas/wp-content/uploads/2023/06/020-3.jpg" class="attachment-post-thumbnail size-post-thumbnail wp-post-image" alt="Komemoracija 2018" style="object-fit:cover;" srcset="https://sempas.si/wpsempas/wp-content/uploads/2023/06/020-3.jpg 1000w, https://sempas.si/wpsempas/wp-content/uploads/2023/06/020-3-300x200.jpg 300w, https://sempas.si/wpsempas/wp-content/uploads/2023/06/020-3-768x512.jpg 768w" sizes="(max-width: 1000px) 100vw, 1000px" /></a></figure>

<div class="wp-block-post-excerpt"><p class="wp-block-post-excerpt__excerpt">V petek 25.10. 2018 je Osnovna šola Šempas v sodelovanju z ZB Šempas in KS Šempas, v rahlo muhastem vremenu, organizirala komemoracijo ob Spomeniku padlim borcem ob Osnovni šoli.  Otroci so pod vodstvom mentoric predstavili lep program, predstavil se je tudi šolski pevski zbor in nekaj glasbenikov in glasbenic iz vrst učencev. Prisoten pa je</p><p class="wp-block-post-excerpt__more-text"><a class="wp-block-post-excerpt__more-link" href="https://sempas.si/wpsempas/2018/10/28/komemoracija-2018/">Več</a></p></div>
</li><li class="wp-block-post post-959 post type-post status-publish format-standard has-post-thumbnail hentry category-zveza-borcev-sempas">
<h2 class="has-link-color wp-elements-dfcbf35e947328c76c0247210e918e0a wp-block-post-title has-text-color has-secondary-color"><a href="https://sempas.si/wpsempas/2017/10/27/komemoracija-2017/" target="_self" >Komemoracija 2017</a></h2>

<div class="wp-block-post-date"><time datetime="2017-10-27T16:57:40+00:00">27 oktobra, 2017</time></div>


<div style="height:16px" aria-hidden="true" class="wp-block-spacer"></div>


<figure class="alignwide wp-block-post-featured-image"><a href="https://sempas.si/wpsempas/2017/10/27/komemoracija-2017/" target="_self"  ><img decoding="async" width="1000" height="750" src="https://sempas.si/wpsempas/wp-content/uploads/2023/06/001-7.jpg" class="attachment-post-thumbnail size-post-thumbnail wp-post-image" alt="Komemoracija 2017" style="object-fit:cover;" srcset="https://sempas.si/wpsempas/wp-content/uploads/2023/06/001-7.jpg 1000w, https://sempas.si/wpsempas/wp-content/uploads/2023/06/001-7-300x225.jpg 300w, https://sempas.si/wpsempas/wp-content/uploads/2023/06/001-7-768x576.jpg 768w" sizes="(max-width: 1000px) 100vw, 1000px" /></a></figure>

<div class="wp-block-post-excerpt"><p class="wp-block-post-excerpt__excerpt">V lepem sončnem vremenu, so učenci pod vodstvom mentoric osnovne  šole Šempas, v petek 27.10. organizirali komemoracijo ob Spomeniku padlim borcem ob Osnovni šoli. Otroci so pod vodstvom mentoric pripravili lep program, predstavil se je tudi šolski pevski zbor in nekaj glasbenikov in glasbenic. Prisoten je bil praporščak Zveze borcev Šempas, par besed pa je</p><p class="wp-block-post-excerpt__more-text"><a class="wp-block-post-excerpt__more-link" href="https://sempas.si/wpsempas/2017/10/27/komemoracija-2017/">Več</a></p></div>
</li><li class="wp-block-post post-943 post type-post status-publish format-standard has-post-thumbnail hentry category-zveza-borcev-sempas">
<h2 class="has-link-color wp-elements-dfcbf35e947328c76c0247210e918e0a wp-block-post-title has-text-color has-secondary-color"><a href="https://sempas.si/wpsempas/2016/10/28/komemoracija-2016/" target="_self" >Komemoracija 2016</a></h2>

<div class="wp-block-post-date"><time datetime="2016-10-28T16:54:11+00:00">28 oktobra, 2016</time></div>


<div style="height:16px" aria-hidden="true" class="wp-block-spacer"></div>


<figure class="alignwide wp-block-post-featured-image"><a href="https://sempas.si/wpsempas/2016/10/28/komemoracija-2016/" target="_self"  ><img decoding="async" width="1000" height="750" src="https://sempas.si/wpsempas/wp-content/uploads/2023/06/01-10.jpg" class="attachment-post-thumbnail size-post-thumbnail wp-post-image" alt="Komemoracija 2016" style="object-fit:cover;" srcset="https://sempas.si/wpsempas/wp-content/uploads/2023/06/01-10.jpg 1000w, https://sempas.si/wpsempas/wp-content/uploads/2023/06/01-10-300x225.jpg 300w, https://sempas.si/wpsempas/wp-content/uploads/2023/06/01-10-768x576.jpg 768w" sizes="(max-width: 1000px) 100vw, 1000px" /></a></figure>

<div class="wp-block-post-excerpt"><p class="wp-block-post-excerpt__excerpt">V lepem sončnem vremenu  je osnovna  šola Šempas, v petek 28.10. organizirala komemoracijo ob Spomeniku padlim borcem ob Osnovni šoli. Otroci so pod vodstvom mentoric pripravili lep program, predstavil se je tudi šolski pevski zbor in nekaj glasbenikov. Prisoten je bil praporščak Zveze borcev Šempas, par besed pa je povedala tudi predsednica Zveze borcev Šempas.</p><p class="wp-block-post-excerpt__more-text"><a class="wp-block-post-excerpt__more-link" href="https://sempas.si/wpsempas/2016/10/28/komemoracija-2016/">Več</a></p></div>
</li></ul>

</div>

<!-- wp:query {"queryId":39,"query":{"perPage":3,"pages":0,"offset":0,"postType":"post","order":"desc","orderBy":"date","author":"","search":"","exclude":[],"sticky":"","inherit":false,"taxQuery":{"category":[11]}}} -->
<div class="wp-block-query"><!-- wp:post-template -->
<!-- wp:post-title {"isLink":true,"style":{"elements":{"link":{"color":{"text":"var:preset|color|secondary"}}}},"textColor":"secondary"} /-->

<!-- wp:post-date /-->

<!-- wp:spacer {"height":"16px"} -->
<div style="height:16px" aria-hidden="true" class="wp-block-spacer"></div>
<!-- /wp:spacer -->

<!-- wp:post-featured-image {"isLink":true,"align":"wide"} /-->

<!-- wp:post-excerpt {"moreText":"Več"} /-->
<!-- /wp:post-template -->

<!-- wp:query-pagination {"layout":{"type":"flex","flexWrap":"nowrap","justifyContent":"space-between"}} -->
<!-- wp:query-pagination-previous {"label":"\u003c Prejšnja","style":{"typography":{"textTransform":"capitalize"}},"fontSize":"small"} /-->

<!-- wp:query-pagination-next {"label":"Naslednja \u003e","style":{"typography":{"textTransform":"capitalize"}},"fontSize":"small"} /-->
<!-- /wp:query-pagination --></div>
<!-- /wp:query -->
