{"id":1590,"date":"2024-03-01T18:55:11","date_gmt":"2024-03-01T18:55:11","guid":{"rendered":"https:\/\/sempas.si\/wpsempas\/?page_id=1590"},"modified":"2024-11-28T00:15:00","modified_gmt":"2024-11-28T00:15:00","slug":"festival-oljcnega-olja-in-vin","status":"publish","type":"page","link":"https:\/\/sempas.si\/wpsempas\/festival-oljcnega-olja-in-vin\/","title":{"rendered":"Festival olj\u010dnega olja in vin"},"content":{"rendered":"\n<div class=\"wp-block-query is-layout-flow wp-block-query-is-layout-flow\"><ul class=\"wp-block-post-template is-layout-flow wp-block-post-template-is-layout-flow\"><li class=\"wp-block-post post-1830 post type-post status-publish format-standard has-post-thumbnail hentry category-festival-oljcnega-olja-in-vina\">\n<h2 style=\"font-size:clamp(1.93rem, 1.93rem + ((1vw - 0.2rem) * 2.673), 3.4rem);\" class=\"has-link-color wp-elements-a56314154185d633ec18645b73e14323 wp-block-post-title has-text-color has-secondary-color\">Festival olj\u010dnega olja in vin v \u0160empasu<\/h2>\n\n<div class=\"wp-block-post-date\"><time datetime=\"2025-04-18T20:40:24+00:00\">18 aprila, 2025<\/time><\/div>\n\n<figure class=\"wp-block-post-featured-image\"><img decoding=\"async\" width=\"1300\" height=\"352\" src=\"https:\/\/sempas.si\/wpsempas\/wp-content\/uploads\/2024\/03\/logo-festival.png\" class=\"attachment-post-thumbnail size-post-thumbnail wp-post-image\" alt=\"\" style=\"object-fit:cover;\" srcset=\"https:\/\/sempas.si\/wpsempas\/wp-content\/uploads\/2024\/03\/logo-festival.png 1300w, https:\/\/sempas.si\/wpsempas\/wp-content\/uploads\/2024\/03\/logo-festival-300x81.png 300w, https:\/\/sempas.si\/wpsempas\/wp-content\/uploads\/2024\/03\/logo-festival-1024x277.png 1024w, https:\/\/sempas.si\/wpsempas\/wp-content\/uploads\/2024\/03\/logo-festival-768x208.png 768w\" sizes=\"(max-width: 1300px) 100vw, 1300px\" \/><\/figure>\n\n<div class=\"wp-block-post-excerpt\"><p class=\"wp-block-post-excerpt__excerpt\">Festival olj\u010dnega olja in vin je tudi letos zdru\u017eil vse, ki cenijo vrhunske okuse, doma\u010do kakovost in pristno dru\u017eenje. Oljkarji, vinarji, kulinari\u010dni ustvarjalci in \u0161tevilni obiskovalci so skupaj ustvarili pravo praznovanje okusov, tradicije in povezovanja. Ob bogatem izboru degustacij smo lahko u\u017eivali v raznolikosti olj\u010dnih olj in vin, ki so odra\u017eala predanost in strast doma\u010dih<\/p><p class=\"wp-block-post-excerpt__more-text\"><a class=\"wp-block-post-excerpt__more-link\" href=\"https:\/\/sempas.si\/wpsempas\/2025\/04\/18\/festival-oljcnega-olja-in-vin-v-sempasu\/\">Ve\u010d<\/a><\/p><\/div>\n<\/li><\/ul>\n\n<\/div>\n","protected":false},"excerpt":{"rendered":"","protected":false},"author":1,"featured_media":0,"parent":0,"menu_order":0,"comment_status":"closed","ping_status":"closed","template":"","meta":{"_sl_post_content":"<!-- wp:query {\"queryId\":9,\"query\":{\"perPage\":3,\"pages\":0,\"offset\":0,\"postType\":\"post\",\"order\":\"desc\",\"orderBy\":\"date\",\"author\":\"\",\"search\":\"\",\"exclude\":[],\"sticky\":\"\",\"inherit\":false,\"taxQuery\":{\"category\":[97]}}} -->\n<div class=\"wp-block-query\"><!-- wp:post-template -->\n<!-- wp:post-title {\"style\":{\"elements\":{\"link\":{\"color\":{\"text\":\"var:preset|color|secondary\"}}},\"typography\":{\"fontSize\":\"3.4rem\"}},\"textColor\":\"secondary\"} \/-->\n\n<!-- wp:post-date \/-->\n\n<!-- wp:post-featured-image \/-->\n\n<!-- wp:post-excerpt {\"moreText\":\"Ve\u010d\"} \/-->\n<!-- \/wp:post-template -->\n\n<!-- wp:query-pagination -->\n<!-- wp:query-pagination-previous \/-->\n\n<!-- wp:query-pagination-numbers \/-->\n\n<!-- wp:query-pagination-next \/-->\n<!-- \/wp:query-pagination --><\/div>\n<!-- \/wp:query -->","_sl_post_name":"festival-oljcnega-olja-in-vin","_sl_post_excerpt":"","_sl_post_title":"Festival olj\u010dnega olja in vin","_en_post_content":"","_en_post_name":"","_en_post_excerpt":"","_en_post_title":"","_it_post_content":"","_it_post_name":"","_it_post_excerpt":"","_it_post_title":"","edit_language":"sl","footnotes":""},"class_list":["post-1590","page","type-page","status-publish","hentry"],"_links":{"self":[{"href":"https:\/\/sempas.si\/wpsempas\/wp-json\/wp\/v2\/pages\/1590","targetHints":{"allow":["GET"]}}],"collection":[{"href":"https:\/\/sempas.si\/wpsempas\/wp-json\/wp\/v2\/pages"}],"about":[{"href":"https:\/\/sempas.si\/wpsempas\/wp-json\/wp\/v2\/types\/page"}],"author":[{"embeddable":true,"href":"https:\/\/sempas.si\/wpsempas\/wp-json\/wp\/v2\/users\/1"}],"replies":[{"embeddable":true,"href":"https:\/\/sempas.si\/wpsempas\/wp-json\/wp\/v2\/comments?post=1590"}],"version-history":[{"count":12,"href":"https:\/\/sempas.si\/wpsempas\/wp-json\/wp\/v2\/pages\/1590\/revisions"}],"predecessor-version":[{"id":1701,"href":"https:\/\/sempas.si\/wpsempas\/wp-json\/wp\/v2\/pages\/1590\/revisions\/1701"}],"wp:attachment":[{"href":"https:\/\/sempas.si\/wpsempas\/wp-json\/wp\/v2\/media?parent=1590"}],"curies":[{"name":"wp","href":"https:\/\/api.w.org\/{rel}","templated":true}]}}

Festival oljčnega olja in vin

<div class="wp-block-query is-layout-flow wp-block-query-is-layout-flow"><ul class="wp-block-post-template is-layout-flow wp-block-post-template-is-layout-flow"><li class="wp-block-post post-1830 post type-post status-publish format-standard has-post-thumbnail hentry category-festival-oljcnega-olja-in-vina">
<h2 style="font-size:clamp(1.93rem, 1.93rem + ((1vw - 0.2rem) * 2.673), 3.4rem);" class="has-link-color wp-elements-a56314154185d633ec18645b73e14323 wp-block-post-title has-text-color has-secondary-color">Festival oljčnega olja in vin v Šempasu</h2>

<div class="wp-block-post-date"><time datetime="2025-04-18T20:40:24+00:00">18 aprila, 2025</time></div>

<figure class="wp-block-post-featured-image"><img decoding="async" width="1300" height="352" src="https://sempas.si/wpsempas/wp-content/uploads/2024/03/logo-festival.png" class="attachment-post-thumbnail size-post-thumbnail wp-post-image" alt="" style="object-fit:cover;" srcset="https://sempas.si/wpsempas/wp-content/uploads/2024/03/logo-festival.png 1300w, https://sempas.si/wpsempas/wp-content/uploads/2024/03/logo-festival-300x81.png 300w, https://sempas.si/wpsempas/wp-content/uploads/2024/03/logo-festival-1024x277.png 1024w, https://sempas.si/wpsempas/wp-content/uploads/2024/03/logo-festival-768x208.png 768w" sizes="(max-width: 1300px) 100vw, 1300px" /></figure>

<div class="wp-block-post-excerpt"><p class="wp-block-post-excerpt__excerpt">Festival oljčnega olja in vin je tudi letos združil vse, ki cenijo vrhunske okuse, domačo kakovost in pristno druženje. Oljkarji, vinarji, kulinarični ustvarjalci in številni obiskovalci so skupaj ustvarili pravo praznovanje okusov, tradicije in povezovanja. Ob bogatem izboru degustacij smo lahko uživali v raznolikosti oljčnih olj in vin, ki so odražala predanost in strast domačih</p><p class="wp-block-post-excerpt__more-text"><a class="wp-block-post-excerpt__more-link" href="https://sempas.si/wpsempas/2025/04/18/festival-oljcnega-olja-in-vin-v-sempasu/">Več</a></p></div>
</li></ul>

</div>

<!-- wp:query {"queryId":9,"query":{"perPage":3,"pages":0,"offset":0,"postType":"post","order":"desc","orderBy":"date","author":"","search":"","exclude":[],"sticky":"","inherit":false,"taxQuery":{"category":[97]}}} -->
<div class="wp-block-query"><!-- wp:post-template -->
<!-- wp:post-title {"style":{"elements":{"link":{"color":{"text":"var:preset|color|secondary"}}},"typography":{"fontSize":"3.4rem"}},"textColor":"secondary"} /-->

<!-- wp:post-date /-->

<!-- wp:post-featured-image /-->

<!-- wp:post-excerpt {"moreText":"Več"} /-->
<!-- /wp:post-template -->

<!-- wp:query-pagination -->
<!-- wp:query-pagination-previous /-->

<!-- wp:query-pagination-numbers /-->

<!-- wp:query-pagination-next /-->
<!-- /wp:query-pagination --></div>
<!-- /wp:query -->
