{"id":35,"date":"2023-06-22T23:15:53","date_gmt":"2023-06-22T23:15:53","guid":{"rendered":"https:\/\/sempas.si\/wpsempas\/?page_id=35"},"modified":"2024-11-28T00:15:00","modified_gmt":"2024-11-28T00:15:00","slug":"","status":"publish","type":"page","link":"https:\/\/sempas.si\/wpsempas\/it\/krajevna-skupnost-sempas\/","title":{"rendered":"","raw":""},"content":{"rendered":"","protected":false,"raw":""},"excerpt":{"rendered":"","protected":false,"raw":""},"author":1,"featured_media":0,"parent":0,"menu_order":2,"comment_status":"closed","ping_status":"closed","template":"","meta":{"_sl_post_content":"<!-- wp:paragraph -->\n<p><strong>Krajevna skupnost \u0160empas<\/strong><br>\u0160empas 136<br>5261 \u0160empas<br>Telefon: 041 768480<br>E-mail: ks@sempas.si<br>Spletni naslov: http:\/\/www.sempas.si<\/p>\n<!-- \/wp:paragraph -->\n\n<!-- wp:paragraph -->\n<p>Dav\u010dna \u0161tevilka: 35829532<br>Transakcijski ra\u010dun KS: TR 01284-6450831972<\/p>\n<!-- \/wp:paragraph -->\n\n<!-- wp:paragraph -->\n<p>Predsednik sveta KS:&nbsp;<strong>Barbara Kante<\/strong><br>\u0160tevilo prebivalcev v KS: 1066<\/p>\n<!-- \/wp:paragraph -->\n\n<!-- wp:paragraph -->\n<p><strong>Svet krajevne skupnosti v obdobju 2022 - 2026:&nbsp;<\/strong><br>1.&nbsp;Barbara Kante&nbsp; (predsednik krajevne skupnosti)<br>2. Ada Troha<br>3.&nbsp;Klemen Kr\u0161evan<br>4.&nbsp;Marko Fu\u010dka<br>5.&nbsp;Martin Cernati\u010d<br>6.&nbsp;Sre\u010dko Mesari\u010d<br>7. Vilma Volk<\/p>\n<!-- \/wp:paragraph -->\n\n<!-- wp:paragraph -->\n<p><strong>Svet krajevne skupnosti v obdobju 2018 - 2022:&nbsp;<\/strong><br>1. Barbara Kante - predsednica<br>2. Ada Troha<br>3. Damjana Pavlica<br>4. Dimitrij Pe\u010denko<br>5. Klemen Kr\u0161evan<br>6. Martin Cernati\u010d<br>7. Vilma Volk<\/p>\n<!-- \/wp:paragraph -->\n\n<!-- wp:paragraph -->\n<p><strong>Svet krajevne skupnosti v obdobju 2014 - 2018:<\/strong><br>1.<strong>&nbsp;Egon Vovk<\/strong>, \u0160empas 131A, 5261 \u0160empas<br>2.&nbsp;<strong>Katju\u0161a Per\u0161i\u010d<\/strong>, \u0160empas 16A, 5261 \u0160empas<br>3.&nbsp;<strong>Barbara Kante<\/strong>, \u0160empas 17E, 5261 \u0160empas, predsednica<br>4.<strong>&nbsp;Pavel U\u0161aj<\/strong>, \u0160empas 169C, 5261 \u0160empas<br>5.&nbsp;<strong>Valentin Li\u010den<\/strong>, \u0160empas 93, 5261 \u0160empas<br>6.&nbsp;<strong>Ada Troha<\/strong>, \u0160empas, \u0160empas 92, 5261 \u0160empas<br>7.&nbsp;<strong>Alenka U\u0161aj<\/strong>, \u0160empas 137, 5261 \u0160empas<\/p>\n<!-- \/wp:paragraph -->\n\n<!-- wp:paragraph -->\n<p><strong>Svet krajevne skupnosti v obdobju 2010 - 2014:<\/strong><br>1. Mirko Gle\u0161\u010di\u010d, \u0160empas 41<br>2. Jo\u017eko Len\u0161\u010dak, \u0160empas 43A<br>3. Jo\u017eef Cernati\u010d, \u0160empas 159A<br>4. Drago Ko\u0161uta, \u0160empas 80<br>5. Evgen Pelicon, \u0160empas 75J<br>6. Damjana Pavlica, \u0160empas 63A, predsednica<br>7. Kristina Mervi\u010d, \u0160empas 57C<\/p>\n<!-- \/wp:paragraph -->","_sl_post_name":"krajevna-skupnost-sempas","_sl_post_excerpt":"","_sl_post_title":"Krajevna skupnost \u0160empas","_en_post_content":"","_en_post_name":"","_en_post_excerpt":"","_en_post_title":"","_it_post_content":"","_it_post_name":"","_it_post_excerpt":"","_it_post_title":"","edit_language":"it","footnotes":""},"class_list":["post-35","page","type-page","status-publish","hentry"],"_links":{"self":[{"href":"https:\/\/sempas.si\/wpsempas\/it\/wp-json\/wp\/v2\/pages\/35","targetHints":{"allow":["GET"]}}],"collection":[{"href":"https:\/\/sempas.si\/wpsempas\/it\/wp-json\/wp\/v2\/pages"}],"about":[{"href":"https:\/\/sempas.si\/wpsempas\/it\/wp-json\/wp\/v2\/types\/page"}],"author":[{"embeddable":true,"href":"https:\/\/sempas.si\/wpsempas\/it\/wp-json\/wp\/v2\/users\/1"}],"replies":[{"embeddable":true,"href":"https:\/\/sempas.si\/wpsempas\/it\/wp-json\/wp\/v2\/comments?post=35"}],"version-history":[{"count":2,"href":"https:\/\/sempas.si\/wpsempas\/it\/wp-json\/wp\/v2\/pages\/35\/revisions"}],"predecessor-version":[{"id":316,"href":"https:\/\/sempas.si\/wpsempas\/it\/wp-json\/wp\/v2\/pages\/35\/revisions\/316"}],"wp:attachment":[{"href":"https:\/\/sempas.si\/wpsempas\/it\/wp-json\/wp\/v2\/media?parent=35"}],"curies":[{"name":"wp","href":"https:\/\/api.w.org\/{rel}","templated":true}]}}

<!-- wp:paragraph -->
<p><strong>Krajevna skupnost Šempas</strong><br>Šempas 136<br>5261 Šempas<br>Telefon: 041 768480<br>E-mail: ks@sempas.si<br>Spletni naslov: http://www.sempas.si</p>
<!-- /wp:paragraph -->

<!-- wp:paragraph -->
<p>Davčna številka: 35829532<br>Transakcijski račun KS: TR 01284-6450831972</p>
<!-- /wp:paragraph -->

<!-- wp:paragraph -->
<p>Predsednik sveta KS:&nbsp;<strong>Barbara Kante</strong><br>Število prebivalcev v KS: 1066</p>
<!-- /wp:paragraph -->

<!-- wp:paragraph -->
<p><strong>Svet krajevne skupnosti v obdobju 2022 - 2026:&nbsp;</strong><br>1.&nbsp;Barbara Kante&nbsp; (predsednik krajevne skupnosti)<br>2. Ada Troha<br>3.&nbsp;Klemen Krševan<br>4.&nbsp;Marko Fučka<br>5.&nbsp;Martin Cernatič<br>6.&nbsp;Srečko Mesarič<br>7. Vilma Volk</p>
<!-- /wp:paragraph -->

<!-- wp:paragraph -->
<p><strong>Svet krajevne skupnosti v obdobju 2018 - 2022:&nbsp;</strong><br>1. Barbara Kante - predsednica<br>2. Ada Troha<br>3. Damjana Pavlica<br>4. Dimitrij Pečenko<br>5. Klemen Krševan<br>6. Martin Cernatič<br>7. Vilma Volk</p>
<!-- /wp:paragraph -->

<!-- wp:paragraph -->
<p><strong>Svet krajevne skupnosti v obdobju 2014 - 2018:</strong><br>1.<strong>&nbsp;Egon Vovk</strong>, Šempas 131A, 5261 Šempas<br>2.&nbsp;<strong>Katjuša Peršič</strong>, Šempas 16A, 5261 Šempas<br>3.&nbsp;<strong>Barbara Kante</strong>, Šempas 17E, 5261 Šempas, predsednica<br>4.<strong>&nbsp;Pavel Ušaj</strong>, Šempas 169C, 5261 Šempas<br>5.&nbsp;<strong>Valentin Ličen</strong>, Šempas 93, 5261 Šempas<br>6.&nbsp;<strong>Ada Troha</strong>, Šempas, Šempas 92, 5261 Šempas<br>7.&nbsp;<strong>Alenka Ušaj</strong>, Šempas 137, 5261 Šempas</p>
<!-- /wp:paragraph -->

<!-- wp:paragraph -->
<p><strong>Svet krajevne skupnosti v obdobju 2010 - 2014:</strong><br>1. Mirko Gleščič, Šempas 41<br>2. Jožko Lenščak, Šempas 43A<br>3. Jožef Cernatič, Šempas 159A<br>4. Drago Košuta, Šempas 80<br>5. Evgen Pelicon, Šempas 75J<br>6. Damjana Pavlica, Šempas 63A, predsednica<br>7. Kristina Mervič, Šempas 57C</p>
<!-- /wp:paragraph -->

Krajevna skupnost Šempas
